[INFO] cloning repository https://github.com/krakatoa/rs-glacier
[INFO] running `Command { std: "git" "-c" "credential.helper=" "-c" "credential.helper=/workspace/cargo-home/bin/git-credential-null" "clone" "--bare" "https://github.com/krakatoa/rs-glacier" "/workspace/cache/git-repos/https%3A%2F%2Fgithub.com%2Fkrakatoa%2Frs-glacier", kill_on_drop: false }`
[INFO] [stderr] Cloning into bare repository '/workspace/cache/git-repos/https%3A%2F%2Fgithub.com%2Fkrakatoa%2Frs-glacier'...
[INFO] running `Command { std: "git" "rev-parse" "HEAD", kill_on_drop: false }`
[INFO] [stdout] c525bd63d0beeb905f5a7f8ae23372cc5b2ea7ec
[INFO] checking krakatoa/rs-glacier against master#cfbc6d4cf1acbac5c025acf8ed68929caa551df3 for pr-75494-beta
[INFO] running `Command { std: "git" "clone" "/workspace/cache/git-repos/https%3A%2F%2Fgithub.com%2Fkrakatoa%2Frs-glacier" "/workspace/builds/worker-9/source", kill_on_drop: false }`
[INFO] [stderr] Cloning into '/workspace/builds/worker-9/source'...
[INFO] [stderr] done.
[INFO] validating manifest of git repo https://github.com/krakatoa/rs-glacier on toolchain cfbc6d4cf1acbac5c025acf8ed68929caa551df3
[INFO] running `Command { std: "/workspace/cargo-home/bin/cargo" "+cfbc6d4cf1acbac5c025acf8ed68929caa551df3" "read-manifest" "--manifest-path" "Cargo.toml", kill_on_drop: false }`
[INFO] started tweaking git repo https://github.com/krakatoa/rs-glacier
[INFO] finished tweaking git repo https://github.com/krakatoa/rs-glacier
[INFO] tweaked toml for git repo https://github.com/krakatoa/rs-glacier written to /workspace/builds/worker-9/source/Cargo.toml
[INFO] crate git repo https://github.com/krakatoa/rs-glacier already has a lockfile, it will not be regenerated
[INFO] running `Command { std: "/workspace/cargo-home/bin/cargo" "+cfbc6d4cf1acbac5c025acf8ed68929caa551df3" "fetch" "--locked" "--manifest-path" "Cargo.toml", kill_on_drop: false }`
[INFO] [stderr]     Updating git repository `https://github.com/krakatoa/aws-rs`
[INFO] [stderr]     Updating git repository `https://github.com/zonyitoo/rust-ini.git`
[INFO] [stderr] error: the lock file /workspace/builds/worker-9/source/Cargo.lock needs to be updated but --locked was passed to prevent this
[INFO] [stderr] If you want to try to generate the lock file without accessing the network, use the --offline flag.
[INFO] the lockfile is outdated, regenerating it
[INFO] running `Command { std: "/workspace/cargo-home/bin/cargo" "+cfbc6d4cf1acbac5c025acf8ed68929caa551df3" "generate-lockfile" "--manifest-path" "Cargo.toml" "-Zno-index-update", kill_on_drop: false }`
[INFO] [stderr]     Updating git repository `https://github.com/krakatoa/aws-rs`
[INFO] [stderr]     Updating git repository `https://github.com/zonyitoo/rust-ini.git`
[INFO] running `Command { std: "/workspace/cargo-home/bin/cargo" "+cfbc6d4cf1acbac5c025acf8ed68929caa551df3" "fetch" "--locked" "--manifest-path" "Cargo.toml", kill_on_drop: false }`
[INFO] [stderr]  Downloading crates ...
[INFO] [stderr]   Downloaded liblmdb-sys v0.2.2
[INFO] [stderr]   Downloaded ordered-multimap v0.2.4
[INFO] [stderr]   Downloaded lmdb-rs v0.7.6
[INFO] [stderr]   Downloaded dlv-list v0.2.2
[INFO] [stderr]   Downloaded rusqlite v0.24.0
[INFO] [stderr]   Downloaded libsqlite3-sys v0.20.0
[INFO] running `Command { std: "docker" "create" "-v" "/var/lib/crater-agent-workspace/builds/worker-9/target:/opt/rustwide/target:rw,Z" "-v" "/var/lib/crater-agent-workspace/builds/worker-9/source:/opt/rustwide/workdir:ro,Z" "-v" "/var/lib/crater-agent-workspace/cargo-home:/opt/rustwide/cargo-home:ro,Z" "-v" "/var/lib/crater-agent-workspace/rustup-home:/opt/rustwide/rustup-home:ro,Z" "-e" "SOURCE_DIR=/opt/rustwide/workdir" "-e" "CARGO_TARGET_DIR=/opt/rustwide/target" "-e" "CARGO_HOME=/opt/rustwide/cargo-home" "-e" "RUSTUP_HOME=/opt/rustwide/rustup-home" "-w" "/opt/rustwide/workdir" "-m" "1610612736" "--user" "0:0" "--network" "none" "rustops/crates-build-env@sha256:a636fd89d022f18117e1dc8fb37a0a009933cdbbe082814857f0e2024962d47c" "/opt/rustwide/cargo-home/bin/cargo" "+cfbc6d4cf1acbac5c025acf8ed68929caa551df3" "metadata" "--no-deps" "--format-version=1", kill_on_drop: false }`
[INFO] [stderr] WARNING: Your kernel does not support swap limit capabilities or the cgroup is not mounted. Memory limited without swap.
[INFO] [stdout] 0f70da0201e218f8549de7aeb8ae2f8ae874134a7234a69b75a725cb0236dea2
[INFO] running `Command { std: "docker" "start" "-a" "0f70da0201e218f8549de7aeb8ae2f8ae874134a7234a69b75a725cb0236dea2", kill_on_drop: false }`
[INFO] running `Command { std: "docker" "inspect" "0f70da0201e218f8549de7aeb8ae2f8ae874134a7234a69b75a725cb0236dea2", kill_on_drop: false }`
[INFO] running `Command { std: "docker" "rm" "-f" "0f70da0201e218f8549de7aeb8ae2f8ae874134a7234a69b75a725cb0236dea2", kill_on_drop: false }`
[INFO] [stdout] 0f70da0201e218f8549de7aeb8ae2f8ae874134a7234a69b75a725cb0236dea2
[INFO] running `Command { std: "docker" "create" "-v" "/var/lib/crater-agent-workspace/builds/worker-9/target:/opt/rustwide/target:rw,Z" "-v" "/var/lib/crater-agent-workspace/builds/worker-9/source:/opt/rustwide/workdir:ro,Z" "-v" "/var/lib/crater-agent-workspace/cargo-home:/opt/rustwide/cargo-home:ro,Z" "-v" "/var/lib/crater-agent-workspace/rustup-home:/opt/rustwide/rustup-home:ro,Z" "-e" "SOURCE_DIR=/opt/rustwide/workdir" "-e" "CARGO_TARGET_DIR=/opt/rustwide/target" "-e" "CARGO_INCREMENTAL=0" "-e" "RUST_BACKTRACE=full" "-e" "RUSTFLAGS=--cap-lints=forbid" "-e" "CARGO_HOME=/opt/rustwide/cargo-home" "-e" "RUSTUP_HOME=/opt/rustwide/rustup-home" "-w" "/opt/rustwide/workdir" "-m" "1610612736" "--user" "0:0" "--network" "none" "rustops/crates-build-env@sha256:a636fd89d022f18117e1dc8fb37a0a009933cdbbe082814857f0e2024962d47c" "/opt/rustwide/cargo-home/bin/cargo" "+cfbc6d4cf1acbac5c025acf8ed68929caa551df3" "check" "--frozen" "--all" "--all-targets" "--message-format=json", kill_on_drop: false }`
[INFO] [stdout] ef5af71957f0b1bdbad0b403f643d92c8017cf4d5cd145e1f1707e4c003b4862
[INFO] [stderr] WARNING: Your kernel does not support swap limit capabilities or the cgroup is not mounted. Memory limited without swap.
[INFO] running `Command { std: "docker" "start" "-a" "ef5af71957f0b1bdbad0b403f643d92c8017cf4d5cd145e1f1707e4c003b4862", kill_on_drop: false }`
[INFO] [stderr]     Checking cfg-if v0.1.10
[INFO] [stderr]    Compiling unicode-xid v0.2.1
[INFO] [stderr]     Checking lazy_static v1.4.0
[INFO] [stderr]    Compiling memchr v2.3.3
[INFO] [stderr]    Compiling version_check v0.9.2
[INFO] [stderr]     Checking bytes v0.5.6
[INFO] [stderr]    Compiling gcc v0.3.55
[INFO] [stderr]     Checking futures-core v0.3.5
[INFO] [stderr]    Compiling pin-project-internal v0.4.23
[INFO] [stderr]     Checking slab v0.4.2
[INFO] [stderr]    Compiling bitflags v1.2.1
[INFO] [stderr]     Checking pin-project-lite v0.1.7
[INFO] [stderr]     Checking itoa v0.4.6
[INFO] [stderr]     Checking matches v0.1.8
[INFO] [stderr]    Compiling httparse v1.3.4
[INFO] [stderr]     Checking futures-task v0.3.5
[INFO] [stderr]     Checking try-lock v0.2.3
[INFO] [stderr]     Checking foreign-types-shared v0.1.1
[INFO] [stderr]     Checking regex-syntax v0.6.18
[INFO] [stderr]     Checking quick-error v1.2.3
[INFO] [stderr]     Checking termcolor v1.1.0
[INFO] [stderr]     Checking rustc-serialize v0.3.24
[INFO] [stderr]     Checking fallible-iterator v0.2.0
[INFO] [stderr]     Checking smallvec v1.4.2
[INFO] [stderr]     Checking bitflags v0.7.0
[INFO] [stderr]    Compiling hashbrown v0.8.2
[INFO] [stderr]    Compiling indexmap v1.5.1
[INFO] [stderr]    Compiling openssl-sys v0.9.58
[INFO] [stderr]    Compiling libsqlite3-sys v0.20.0
[INFO] [stderr]     Checking unicode-bidi v0.3.4
[INFO] [stderr]     Checking tracing-core v0.1.15
[INFO] [stderr]     Checking thread_local v1.0.1
[INFO] [stderr]     Checking futures-channel v0.3.5
[INFO] [stderr]     Checking foreign-types v0.3.2
[INFO] [stderr]     Checking lru-cache v0.1.2
[INFO] [stderr]     Checking humantime v1.3.0
[INFO] [stderr]     Checking log v0.4.11
[INFO] [stderr]    Compiling proc-macro2 v1.0.19
[INFO] [stderr]    Compiling hashbrown v0.7.2
[INFO] [stderr]     Checking http v0.2.1
[INFO] [stderr]     Checking getrandom v0.1.14
[INFO] [stderr]     Checking iovec v0.1.4
[INFO] [stderr]     Checking net2 v0.2.34
[INFO] [stderr]     Checking rand v0.4.6
[INFO] [stderr]     Checking atty v0.2.14
[INFO] [stderr]     Checking socket2 v0.3.12
[INFO] [stderr]    Compiling standback v0.2.10
[INFO] [stderr]    Compiling time v0.2.16
[INFO] [stderr]     Checking idna v0.2.0
[INFO] [stderr]     Checking want v0.3.0
[INFO] [stderr]     Checking log v0.3.9
[INFO] [stderr]     Checking rand_core v0.5.1
[INFO] [stderr]     Checking tracing v0.1.19
[INFO] [stderr]     Checking mio v0.6.22
[INFO] [stderr]     Checking aho-corasick v0.7.13
[INFO] [stderr]    Compiling quote v1.0.7
[INFO] [stderr]     Checking rand_chacha v0.2.2
[INFO] [stderr]    Compiling liblmdb-sys v0.2.2
[INFO] [stderr]    Compiling rust-crypto v0.2.36
[INFO] [stderr]     Checking url v2.1.1
[INFO] [stderr]    Compiling openssl v0.10.30
[INFO] [stderr]     Checking rusqlite v0.24.0
[INFO] [stderr]     Checking rand v0.3.23
[INFO] [stderr]     Checking rand v0.7.3
[INFO] [stderr]    Compiling syn v1.0.39
[INFO] [stderr]     Checking tokio v0.2.22
[INFO] [stderr]     Checking dlv-list v0.2.2
[INFO] [stderr]     Checking regex v1.3.9
[INFO] [stderr]     Checking ordered-multimap v0.2.4
[INFO] [stderr]     Checking rust-ini v0.15.3 (https://github.com/zonyitoo/rust-ini.git#c25729a8)
[INFO] [stderr]     Checking http-body v0.3.1
[INFO] [stderr]     Checking env_logger v0.7.1
[INFO] [stderr]     Checking lmdb-rs v0.7.6
[INFO] [stderr]     Checking tokio-util v0.3.1
[INFO] [stderr]    Compiling time-macros-impl v0.1.1
[INFO] [stderr]     Checking time-macros v0.1.0
[INFO] [stderr]     Checking pin-project v0.4.23
[INFO] [stderr]     Checking futures-util v0.3.5
[INFO] [stderr]     Checking h2 v0.2.6
[INFO] [stderr]     Checking hyper v0.13.7
[INFO] [stderr]     Checking aws v0.0.1 (https://github.com/krakatoa/aws-rs#0a5a83f7)
[INFO] [stdout] error[E0432]: unresolved import `time::now_utc`
[INFO] [stdout]  --> /opt/rustwide/cargo-home/git/checkouts/aws-rs-56347bbce84903e6/0a5a83f/src/signers/sigv4.rs:1:5
[INFO] [stdout]   |
[INFO] [stdout] 1 | use time::now_utc;
[INFO] [stdout]   |     ^^^^^^^^^^^^^ no `now_utc` in the root
[INFO] [stdout] 
[INFO] [stdout] 
[INFO] [stdout] error[E0433]: failed to resolve: could not find `crypto` in `openssl`
[INFO] [stdout]  --> /opt/rustwide/cargo-home/git/checkouts/aws-rs-56347bbce84903e6/0a5a83f/src/signers/sigv4.rs:4:14
[INFO] [stdout]   |
[INFO] [stdout] 4 | use openssl::crypto::hash::hash;
[INFO] [stdout]   |              ^^^^^^ could not find `crypto` in `openssl`
[INFO] [stdout] 
[INFO] [stdout] 
[INFO] [stdout] error[E0433]: failed to resolve: could not find `crypto` in `openssl`
[INFO] [stdout]  --> /opt/rustwide/cargo-home/git/checkouts/aws-rs-56347bbce84903e6/0a5a83f/src/signers/sigv4.rs:5:14
[INFO] [stdout]   |
[INFO] [stdout] 5 | use openssl::crypto::hmac::hmac;
[INFO] [stdout]   |              ^^^^^^ could not find `crypto` in `openssl`
[INFO] [stdout] 
[INFO] [stdout] 
[INFO] [stdout] error[E0433]: failed to resolve: could not find `crypto` in `openssl`
[INFO] [stdout]  --> /opt/rustwide/cargo-home/git/checkouts/aws-rs-56347bbce84903e6/0a5a83f/src/signers/sigv4.rs:6:14
[INFO] [stdout]   |
[INFO] [stdout] 6 | use openssl::crypto::hash::Type::SHA256;
[INFO] [stdout]   |              ^^^^^^ could not find `crypto` in `openssl`
[INFO] [stdout] 
[INFO] [stdout] 
[INFO] [stdout] error[E0432]: unresolved import `time::Tm`
[INFO] [stdout]  --> /opt/rustwide/cargo-home/git/checkouts/aws-rs-56347bbce84903e6/0a5a83f/src/signers/sigv4.rs:2:5
[INFO] [stdout]   |
[INFO] [stdout] 2 | use time::Tm;
[INFO] [stdout]   |     ^^^^^^^^ no `Tm` in the root
[INFO] [stdout] 
[INFO] [stdout] 
[INFO] [stdout] error[E0432]: unresolved imports `url::percent_encoding::percent_encode_to`, `url::percent_encoding::FORM_URLENCODED_ENCODE_SET`
[INFO] [stdout]   --> /opt/rustwide/cargo-home/git/checkouts/aws-rs-56347bbce84903e6/0a5a83f/src/signers/sigv4.rs:10:29
[INFO] [stdout]    |
[INFO] [stdout] 10 | use url::percent_encoding::{percent_encode_to, FORM_URLENCODED_ENCODE_SET};
[INFO] [stdout]    |                             ^^^^^^^^^^^^^^^^^  ^^^^^^^^^^^^^^^^^^^^^^^^^^ no `FORM_URLENCODED_ENCODE_SET` in `percent_encoding`
[INFO] [stdout]    |                             |
[INFO] [stdout]    |                             no `percent_encode_to` in `percent_encoding`
[INFO] [stdout]    |                             help: a similar name exists in the module: `percent_encode_byte`
[INFO] [stdout] 
[INFO] [stdout] 
[INFO] [stdout] error[E0432]: unresolved import `hyper::header::Headers`
[INFO] [stdout]   --> /opt/rustwide/cargo-home/git/checkouts/aws-rs-56347bbce84903e6/0a5a83f/src/signers/sigv4.rs:11:5
[INFO] [stdout]    |
[INFO] [stdout] 11 | use hyper::header::Headers;
[INFO] [stdout]    |     ^^^^^^^^^^^^^^^^^^^^^^ no `Headers` in `header`
[INFO] [stdout] 
[INFO] [stdout] 
[INFO] [stdout] error: cannot find macro `header` in this scope
[INFO] [stdout]  --> /opt/rustwide/cargo-home/git/checkouts/aws-rs-56347bbce84903e6/0a5a83f/src/signers/http_headers.rs:1:1
[INFO] [stdout]   |
[INFO] [stdout] 1 | header! {
[INFO] [stdout]   | ^^^^^^
[INFO] [stdout] 
[INFO] [stdout] 
[INFO] [stdout] error: cannot find macro `header` in this scope
[INFO] [stdout]   --> /opt/rustwide/cargo-home/git/checkouts/aws-rs-56347bbce84903e6/0a5a83f/src/signers/http_headers.rs:10:1
[INFO] [stdout]    |
[INFO] [stdout] 10 | header! {
[INFO] [stdout]    | ^^^^^^
[INFO] [stdout] 
[INFO] [stdout] 
[INFO] [stdout] error[E0425]: cannot find function `hmac` in this scope
[INFO] [stdout]    --> /opt/rustwide/cargo-home/git/checkouts/aws-rs-56347bbce84903e6/0a5a83f/src/signers/sigv4.rs:126:9
[INFO] [stdout]     |
[INFO] [stdout] 126 |         hmac(SHA256, &self.derived_signing_key(),
[INFO] [stdout]     |         ^^^^ not found in this scope
[INFO] [stdout] 
[INFO] [stdout] 
[INFO] [stdout] error[E0425]: cannot find value `SHA256` in this scope
[INFO] [stdout]    --> /opt/rustwide/cargo-home/git/checkouts/aws-rs-56347bbce84903e6/0a5a83f/src/signers/sigv4.rs:126:14
[INFO] [stdout]     |
[INFO] [stdout] 126 |         hmac(SHA256, &self.derived_signing_key(),
[INFO] [stdout]     |              ^^^^^^ not found in this scope
[INFO] [stdout] 
[INFO] [stdout] 
[INFO] [stdout] error[E0425]: cannot find function `hmac` in this scope
[INFO] [stdout]    --> /opt/rustwide/cargo-home/git/checkouts/aws-rs-56347bbce84903e6/0a5a83f/src/signers/sigv4.rs:133:21
[INFO] [stdout]     |
[INFO] [stdout] 133 |         let kDate = hmac(SHA256, format!("AWS4{}", kSecret).as_bytes(),
[INFO] [stdout]     |                     ^^^^ not found in this scope
[INFO] [stdout] 
[INFO] [stdout] 
[INFO] [stdout] error[E0425]: cannot find value `SHA256` in this scope
[INFO] [stdout]    --> /opt/rustwide/cargo-home/git/checkouts/aws-rs-56347bbce84903e6/0a5a83f/src/signers/sigv4.rs:133:26
[INFO] [stdout]     |
[INFO] [stdout] 133 |         let kDate = hmac(SHA256, format!("AWS4{}", kSecret).as_bytes(),
[INFO] [stdout]     |                          ^^^^^^ not found in this scope
[INFO] [stdout] 
[INFO] [stdout] 
[INFO] [stdout] error[E0425]: cannot find function `hmac` in this scope
[INFO] [stdout]    --> /opt/rustwide/cargo-home/git/checkouts/aws-rs-56347bbce84903e6/0a5a83f/src/signers/sigv4.rs:135:23
[INFO] [stdout]     |
[INFO] [stdout] 135 |         let kRegion = hmac(SHA256, &kDate, expand_string(&self.region).as_bytes());
[INFO] [stdout]     |                       ^^^^ not found in this scope
[INFO] [stdout] 
[INFO] [stdout] 
[INFO] [stdout] error[E0425]: cannot find value `SHA256` in this scope
[INFO] [stdout]    --> /opt/rustwide/cargo-home/git/checkouts/aws-rs-56347bbce84903e6/0a5a83f/src/signers/sigv4.rs:135:28
[INFO] [stdout]     |
[INFO] [stdout] 135 |         let kRegion = hmac(SHA256, &kDate, expand_string(&self.region).as_bytes());
[INFO] [stdout]     |                            ^^^^^^ not found in this scope
[INFO] [stdout] 
[INFO] [stdout] 
[INFO] [stdout] error[E0425]: cannot find function `hmac` in this scope
[INFO] [stdout]    --> /opt/rustwide/cargo-home/git/checkouts/aws-rs-56347bbce84903e6/0a5a83f/src/signers/sigv4.rs:136:24
[INFO] [stdout]     |
[INFO] [stdout] 136 |         let kService = hmac(SHA256, &kRegion, expand_string(&self.service).as_bytes());
[INFO] [stdout]     |                        ^^^^ not found in this scope
[INFO] [stdout] 
[INFO] [stdout] 
[INFO] [stdout] error[E0425]: cannot find value `SHA256` in this scope
[INFO] [stdout]    --> /opt/rustwide/cargo-home/git/checkouts/aws-rs-56347bbce84903e6/0a5a83f/src/signers/sigv4.rs:136:29
[INFO] [stdout]     |
[INFO] [stdout] 136 |         let kService = hmac(SHA256, &kRegion, expand_string(&self.service).as_bytes());
[INFO] [stdout]     |                             ^^^^^^ not found in this scope
[INFO] [stdout] 
[INFO] [stdout] 
[INFO] [stdout] error[E0425]: cannot find function `hmac` in this scope
[INFO] [stdout]    --> /opt/rustwide/cargo-home/git/checkouts/aws-rs-56347bbce84903e6/0a5a83f/src/signers/sigv4.rs:137:9
[INFO] [stdout]     |
[INFO] [stdout] 137 |         hmac(SHA256, &kService, "aws4_request".as_bytes())
[INFO] [stdout]     |         ^^^^ not found in this scope
[INFO] [stdout] 
[INFO] [stdout] 
[INFO] [stdout] error[E0425]: cannot find value `SHA256` in this scope
[INFO] [stdout]    --> /opt/rustwide/cargo-home/git/checkouts/aws-rs-56347bbce84903e6/0a5a83f/src/signers/sigv4.rs:137:14
[INFO] [stdout]     |
[INFO] [stdout] 137 |         hmac(SHA256, &kService, "aws4_request".as_bytes())
[INFO] [stdout]     |              ^^^^^^ not found in this scope
[INFO] [stdout] 
[INFO] [stdout] 
[INFO] [stdout] error[E0425]: cannot find function `hash` in this scope
[INFO] [stdout]    --> /opt/rustwide/cargo-home/git/checkouts/aws-rs-56347bbce84903e6/0a5a83f/src/signers/sigv4.rs:267:13
[INFO] [stdout]     |
[INFO] [stdout] 267 |     let h = hash(SHA256, val.as_bytes());
[INFO] [stdout]     |             ^^^^ not found in this scope
[INFO] [stdout]     |
[INFO] [stdout] help: consider importing one of these items
[INFO] [stdout]     |
[INFO] [stdout] 1   | use openssl::hash::hash;
[INFO] [stdout]     |
[INFO] [stdout] 1   | use std::ptr::hash;
[INFO] [stdout]     |
[INFO] [stdout] 1   | use url::quirks::hash;
[INFO] [stdout]     |
[INFO] [stdout] 
[INFO] [stdout] 
[INFO] [stdout] error[E0425]: cannot find value `SHA256` in this scope
[INFO] [stdout]    --> /opt/rustwide/cargo-home/git/checkouts/aws-rs-56347bbce84903e6/0a5a83f/src/signers/sigv4.rs:267:18
[INFO] [stdout]     |
[INFO] [stdout] 267 |     let h = hash(SHA256, val.as_bytes());
[INFO] [stdout]     |                  ^^^^^^ not found in this scope
[INFO] [stdout] 
[INFO] [stdout] 
[INFO] [stdout] error[E0603]: struct `Response` is private
[INFO] [stdout]   --> /opt/rustwide/cargo-home/git/checkouts/aws-rs-56347bbce84903e6/0a5a83f/src/request.rs:2:20
[INFO] [stdout]    |
[INFO] [stdout] 2  | use hyper::client::Response;
[INFO] [stdout]    |                    ^^^^^^^^ private struct
[INFO] [stdout]    |
[INFO] [stdout] note: the struct `Response` is defined here
[INFO] [stdout]   --> /opt/rustwide/cargo-home/registry/src/github.com-1ecc6299db9ec823/hyper-0.13.7/src/client/mod.rs:60:29
[INFO] [stdout]    |
[INFO] [stdout] 60 | use http::{Method, Request, Response, Uri, Version};
[INFO] [stdout]    |                             ^^^^^^^^
[INFO] [stdout] 
[INFO] [stdout] 
[INFO] [stdout] error[E0603]: crate `percent_encoding` is private
[INFO] [stdout]    --> /opt/rustwide/cargo-home/git/checkouts/aws-rs-56347bbce84903e6/0a5a83f/src/signers/sigv4.rs:10:10
[INFO] [stdout]     |
[INFO] [stdout] 10  | use url::percent_encoding::{percent_encode_to, FORM_URLENCODED_ENCODE_SET};
[INFO] [stdout]     |          ^^^^^^^^^^^^^^^^ private crate
[INFO] [stdout]     |
[INFO] [stdout] note: the crate `percent_encoding` is defined here
[INFO] [stdout]    --> /opt/rustwide/cargo-home/registry/src/github.com-1ecc6299db9ec823/url-2.1.1/src/lib.rs:113:1
[INFO] [stdout]     |
[INFO] [stdout] 113 | extern crate percent_encoding;
[INFO] [stdout]     | ^^^^^^^^^^^^^^^^^^^^^^^^^^^^^^
[INFO] [stdout] 
[INFO] [stdout] 
[INFO] [stdout] error[E0554]: `#![feature]` may not be used on the beta release channel
[INFO] [stdout]  --> /opt/rustwide/cargo-home/git/checkouts/aws-rs-56347bbce84903e6/0a5a83f/src/lib.rs:4:1
[INFO] [stdout]   |
[INFO] [stdout] 4 | #![feature(collections)]
[INFO] [stdout]   | ^^^^^^^^^^^^^^^^^^^^^^^^
[INFO] [stdout] 
[INFO] [stdout] 
[INFO] [stdout] error[E0554]: `#![feature]` may not be used on the beta release channel
[INFO] [stdout]  --> /opt/rustwide/cargo-home/git/checkouts/aws-rs-56347bbce84903e6/0a5a83f/src/lib.rs:5:1
[INFO] [stdout]   |
[INFO] [stdout] 5 | #![feature(convert)]
[INFO] [stdout]   | ^^^^^^^^^^^^^^^^^^^^
[INFO] [stdout] 
[INFO] [stdout] 
[INFO] [stdout] error[E0599]: no function or associated item named `from_str` found for struct `std::string::String` in the current scope
[INFO] [stdout]   --> /opt/rustwide/cargo-home/git/checkouts/aws-rs-56347bbce84903e6/0a5a83f/src/credentials.rs:38:37
[INFO] [stdout]    |
[INFO] [stdout] 38 |         self.profile = Some(String::from_str(profile));
[INFO] [stdout]    |                                     ^^^^^^^^ function or associated item not found in `std::string::String`
[INFO] [stdout]    |
[INFO] [stdout]    = help: items from traits can only be used if the trait is in scope
[INFO] [stdout]    = note: the following trait is implemented but not in scope; perhaps add a `use` for it:
[INFO] [stdout]            `use std::str::FromStr;`
[INFO] [stdout] 
[INFO] [stdout] 
[INFO] [stdout] error[E0308]: mismatched types
[INFO] [stdout]   --> /opt/rustwide/cargo-home/git/checkouts/aws-rs-56347bbce84903e6/0a5a83f/src/credentials.rs:48:25
[INFO] [stdout]    |
[INFO] [stdout] 48 |         self.key = Some(key.clone());
[INFO] [stdout]    |                         ^^^^^^^^^^^
[INFO] [stdout]    |                         |
[INFO] [stdout]    |                         expected struct `std::string::String`, found `&str`
[INFO] [stdout]    |                         help: try using a conversion method: `key.to_string()`
[INFO] [stdout] 
[INFO] [stdout] 
[INFO] [stdout] error[E0308]: mismatched types
[INFO] [stdout]   --> /opt/rustwide/cargo-home/git/checkouts/aws-rs-56347bbce84903e6/0a5a83f/src/credentials.rs:49:28
[INFO] [stdout]    |
[INFO] [stdout] 49 |         self.secret = Some(secret.clone());
[INFO] [stdout]    |                            ^^^^^^^^^^^^^^
[INFO] [stdout]    |                            |
[INFO] [stdout]    |                            expected struct `std::string::String`, found `&str`
[INFO] [stdout]    |                            help: try using a conversion method: `secret.to_string()`
[INFO] [stdout] 
[INFO] [stdout] 
[INFO] [stdout] error[E0308]: mismatched types
[INFO] [stdout]   --> /opt/rustwide/cargo-home/git/checkouts/aws-rs-56347bbce84903e6/0a5a83f/src/request.rs:65:30
[INFO] [stdout]    |
[INFO] [stdout] 65 |         let res = client.get(&url).headers(headers).send();
[INFO] [stdout]    |                              ^^^^ expected struct `hyper::Uri`, found `&std::string::String`
[INFO] [stdout] 
[INFO] [stdout] 
[INFO] [stdout] error[E0599]: no method named `headers` found for struct `hyper::client::ResponseFuture` in the current scope
[INFO] [stdout]   --> /opt/rustwide/cargo-home/git/checkouts/aws-rs-56347bbce84903e6/0a5a83f/src/request.rs:65:36
[INFO] [stdout]    |
[INFO] [stdout] 65 |         let res = client.get(&url).headers(headers).send();
[INFO] [stdout]    |                                    ^^^^^^^ method not found in `hyper::client::ResponseFuture`
[INFO] [stdout] 
[INFO] [stdout] 
[INFO] [stdout] error[E0599]: no function or associated item named `from_str` found for struct `std::string::String` in the current scope
[INFO] [stdout]   --> /opt/rustwide/cargo-home/git/checkouts/aws-rs-56347bbce84903e6/0a5a83f/src/signers/sigv4.rs:56:28
[INFO] [stdout]    |
[INFO] [stdout] 56 |         let path = String::from_str(path);
[INFO] [stdout]    |                            ^^^^^^^^ function or associated item not found in `std::string::String`
[INFO] [stdout]    |
[INFO] [stdout]    = help: items from traits can only be used if the trait is in scope
[INFO] [stdout]    = note: the following trait is implemented but not in scope; perhaps add a `use` for it:
[INFO] [stdout]            `use std::str::FromStr;`
[INFO] [stdout] 
[INFO] [stdout] 
[INFO] [stdout] error[E0599]: no function or associated item named `from_str` found for struct `std::string::String` in the current scope
[INFO] [stdout]   --> /opt/rustwide/cargo-home/git/checkouts/aws-rs-56347bbce84903e6/0a5a83f/src/signers/sigv4.rs:62:30
[INFO] [stdout]    |
[INFO] [stdout] 62 |         let method = String::from_str(method);
[INFO] [stdout]    |                              ^^^^^^^^ function or associated item not found in `std::string::String`
[INFO] [stdout]    |
[INFO] [stdout]    = help: items from traits can only be used if the trait is in scope
[INFO] [stdout]    = note: the following trait is implemented but not in scope; perhaps add a `use` for it:
[INFO] [stdout]            `use std::str::FromStr;`
[INFO] [stdout] 
[INFO] [stdout] 
[INFO] [stdout] error[E0599]: no function or associated item named `from_str` found for struct `std::string::String` in the current scope
[INFO] [stdout]   --> /opt/rustwide/cargo-home/git/checkouts/aws-rs-56347bbce84903e6/0a5a83f/src/signers/sigv4.rs:68:29
[INFO] [stdout]    |
[INFO] [stdout] 68 |         let query = String::from_str(query);
[INFO] [stdout]    |                             ^^^^^^^^ function or associated item not found in `std::string::String`
[INFO] [stdout]    |
[INFO] [stdout]    = help: items from traits can only be used if the trait is in scope
[INFO] [stdout]    = note: the following trait is implemented but not in scope; perhaps add a `use` for it:
[INFO] [stdout]            `use std::str::FromStr;`
[INFO] [stdout] 
[INFO] [stdout] 
[INFO] [stdout] error[E0599]: no function or associated item named `from_str` found for struct `std::string::String` in the current scope
[INFO] [stdout]   --> /opt/rustwide/cargo-home/git/checkouts/aws-rs-56347bbce84903e6/0a5a83f/src/signers/sigv4.rs:74:31
[INFO] [stdout]    |
[INFO] [stdout] 74 |         let payload = String::from_str(payload);
[INFO] [stdout]    |                               ^^^^^^^^ function or associated item not found in `std::string::String`
[INFO] [stdout]    |
[INFO] [stdout]    = help: items from traits can only be used if the trait is in scope
[INFO] [stdout]    = note: the following trait is implemented but not in scope; perhaps add a `use` for it:
[INFO] [stdout]            `use std::str::FromStr;`
[INFO] [stdout] 
[INFO] [stdout] 
[INFO] [stdout] error[E0599]: no function or associated item named `from_str` found for struct `std::string::String` in the current scope
[INFO] [stdout]   --> /opt/rustwide/cargo-home/git/checkouts/aws-rs-56347bbce84903e6/0a5a83f/src/signers/sigv4.rs:80:30
[INFO] [stdout]    |
[INFO] [stdout] 80 |         let region = String::from_str(region);
[INFO] [stdout]    |                              ^^^^^^^^ function or associated item not found in `std::string::String`
[INFO] [stdout]    |
[INFO] [stdout]    = help: items from traits can only be used if the trait is in scope
[INFO] [stdout]    = note: the following trait is implemented but not in scope; perhaps add a `use` for it:
[INFO] [stdout]            `use std::str::FromStr;`
[INFO] [stdout] 
[INFO] [stdout] 
[INFO] [stdout] error[E0599]: no function or associated item named `from_str` found for struct `std::string::String` in the current scope
[INFO] [stdout]   --> /opt/rustwide/cargo-home/git/checkouts/aws-rs-56347bbce84903e6/0a5a83f/src/signers/sigv4.rs:86:31
[INFO] [stdout]    |
[INFO] [stdout] 86 |         let service = String::from_str(service);
[INFO] [stdout]    |                               ^^^^^^^^ function or associated item not found in `std::string::String`
[INFO] [stdout]    |
[INFO] [stdout]    = help: items from traits can only be used if the trait is in scope
[INFO] [stdout]    = note: the following trait is implemented but not in scope; perhaps add a `use` for it:
[INFO] [stdout]            `use std::str::FromStr;`
[INFO] [stdout] 
[INFO] [stdout] 
[INFO] [stdout] error: aborting due to 36 previous errors
[INFO] [stdout] 
[INFO] [stdout] 
[INFO] [stdout] Some errors have detailed explanations: E0308, E0425, E0432, E0433, E0554, E0599, E0603.
[INFO] [stdout] 
[INFO] [stdout] For more information about an error, try `rustc --explain E0308`.
[INFO] [stdout] 
[INFO] [stderr] error: could not compile `aws`.
[INFO] [stderr] 
[INFO] [stderr] To learn more, run the command again with --verbose.
[INFO] running `Command { std: "docker" "inspect" "ef5af71957f0b1bdbad0b403f643d92c8017cf4d5cd145e1f1707e4c003b4862", kill_on_drop: false }`
[INFO] running `Command { std: "docker" "rm" "-f" "ef5af71957f0b1bdbad0b403f643d92c8017cf4d5cd145e1f1707e4c003b4862", kill_on_drop: false }`
[INFO] [stdout] ef5af71957f0b1bdbad0b403f643d92c8017cf4d5cd145e1f1707e4c003b4862
